{"id":1867,"date":"2021-09-02T15:39:36","date_gmt":"2021-09-02T15:39:36","guid":{"rendered":"http:\/\/www.penepepanoelektrik.com\/?page_id=1867"},"modified":"2021-09-02T15:39:36","modified_gmt":"2021-09-02T15:39:36","slug":"cekmeceli-tip-kompanzasyon-panolari-harmonik-filtreli","status":"publish","type":"page","link":"https:\/\/www.tugraledpano.com\/index.php\/cekmeceli-tip-kompanzasyon-panolari-harmonik-filtreli\/","title":{"rendered":"\u00c7ekmeceli Tip Kompanzasyon Panolar\u0131 Harmonik Filtreli"},"content":{"rendered":"\t\t<div data-elementor-type=\"wp-page\" data-elementor-id=\"1867\" class=\"elementor elementor-1867\">\n\t\t\t\t\t\t<section class=\"elementor-section elementor-top-section elementor-element elementor-element-cd42f66 elementor-section-boxed elementor-section-height-default elementor-section-height-default\" data-id=\"cd42f66\" data-element_type=\"section\" data-e-type=\"section\">\n\t\t\t\t\t\t<div class=\"elementor-container elementor-column-gap-default\">\n\t\t\t\t\t<div class=\"elementor-column elementor-col-50 elementor-top-column elementor-element elementor-element-ba8f759\" data-id=\"ba8f759\" data-element_type=\"column\" data-e-type=\"column\">\n\t\t\t<div class=\"elementor-widget-wrap elementor-element-populated\">\n\t\t\t\t\t\t<div class=\"elementor-element elementor-element-a3cc9c0 elementor-widget elementor-widget-text-editor\" data-id=\"a3cc9c0\" data-element_type=\"widget\" data-e-type=\"widget\" data-widget_type=\"text-editor.default\">\n\t\t\t\t<div class=\"elementor-widget-container\">\n\t\t\t\t\t\t\t\t\t<p><strong>\u00c7EKMECEL\u0130 T\u0130P KOMPANZASYON PANOLARI HARMON\u0130K F\u0130LTREL\u0130<\/strong><\/p><p>Bilindi\u011fi gibi tesisler harmonik olu\u015fturan y\u00fckler i\u00e7eriyorsa filtreli kompanzasyon sistemine ihtiya\u00e7 duyarlar bunun i\u00e7in \u00fcretti\u011fimiz harmonik filtreli kompanzasyon panolar\u0131 g\u00fc\u00e7 katsay\u0131s\u0131n\u0131 y\u00fckseltirken tesiste olu\u015fan rezonans sonucu meydana gelen gerilim ve ak\u0131m harmoniklerinin y\u00fckselmesini engeller.<\/p><p>\u00d6zel olarak \u00fcretilmi\u015f koruma r\u00f6leleri sayesinde reakt\u00f6r ve kondansat\u00f6rlerin iki faza kalmas\u0131n\u0131da engeller. \u00c7ekmeceli olmas\u0131 sebebi ile de i\u015fletme kolayl\u0131\u011f\u0131 sa\u011flar. Tek bir g\u00f6z pano i\u00e7erisine 650 KVAR\u2019a kadar harmonik filtreli kompanzasyon yap\u0131labilmektedir.<\/p>\t\t\t\t\t\t\t\t<\/div>\n\t\t\t\t<\/div>\n\t\t\t\t\t<\/div>\n\t\t<\/div>\n\t\t\t\t<div class=\"elementor-column elementor-col-50 elementor-top-column elementor-element elementor-element-b9a1165\" data-id=\"b9a1165\" data-element_type=\"column\" data-e-type=\"column\">\n\t\t\t<div class=\"elementor-widget-wrap elementor-element-populated\">\n\t\t\t\t\t\t<div class=\"elementor-element elementor-element-5557948 elementor-widget elementor-widget-image\" data-id=\"5557948\" data-element_type=\"widget\" data-e-type=\"widget\" data-widget_type=\"image.default\">\n\t\t\t\t<div class=\"elementor-widget-container\">\n\t\t\t\t\t\t\t\t\t\t\t\t\t\t\t<img decoding=\"async\" width=\"255\" height=\"195\" src=\"https:\/\/www.tugraledpano.com\/wp-content\/uploads\/2021\/09\/cek_tip_kom_pano_harm_filtre_4.jpg\" class=\"attachment-large size-large wp-image-1893\" alt=\"\" \/>\t\t\t\t\t\t\t\t\t\t\t\t\t\t\t<\/div>\n\t\t\t\t<\/div>\n\t\t\t\t\t<\/div>\n\t\t<\/div>\n\t\t\t\t\t<\/div>\n\t\t<\/section>\n\t\t\t\t<section class=\"elementor-section elementor-top-section elementor-element elementor-element-5807f88 elementor-section-boxed elementor-section-height-default elementor-section-height-default\" data-id=\"5807f88\" data-element_type=\"section\" data-e-type=\"section\">\n\t\t\t\t\t\t<div class=\"elementor-container elementor-column-gap-default\">\n\t\t\t\t\t<div class=\"elementor-column elementor-col-50 elementor-top-column elementor-element elementor-element-5cc71ce\" data-id=\"5cc71ce\" data-element_type=\"column\" data-e-type=\"column\">\n\t\t\t<div class=\"elementor-widget-wrap elementor-element-populated\">\n\t\t\t\t\t\t<div class=\"elementor-element elementor-element-daeb207 elementor-widget elementor-widget-image\" data-id=\"daeb207\" data-element_type=\"widget\" data-e-type=\"widget\" data-widget_type=\"image.default\">\n\t\t\t\t<div class=\"elementor-widget-container\">\n\t\t\t\t\t\t\t\t\t\t\t\t\t\t\t<img decoding=\"async\" src=\"http:\/\/www.penepepanoelektrik.com\/wp-content\/uploads\/2021\/09\/cek_tip_kom_pano_harm_filtre_1.jpg\" title=\"\" alt=\"\" loading=\"lazy\" \/>\t\t\t\t\t\t\t\t\t\t\t\t\t\t\t<\/div>\n\t\t\t\t<\/div>\n\t\t\t\t\t<\/div>\n\t\t<\/div>\n\t\t\t\t<div class=\"elementor-column elementor-col-50 elementor-top-column elementor-element elementor-element-c4c361e\" data-id=\"c4c361e\" data-element_type=\"column\" data-e-type=\"column\">\n\t\t\t<div class=\"elementor-widget-wrap elementor-element-populated\">\n\t\t\t\t\t\t<div class=\"elementor-element elementor-element-dda4ab5 elementor-widget elementor-widget-image\" data-id=\"dda4ab5\" data-element_type=\"widget\" data-e-type=\"widget\" data-widget_type=\"image.default\">\n\t\t\t\t<div class=\"elementor-widget-container\">\n\t\t\t\t\t\t\t\t\t\t\t\t\t\t\t<img fetchpriority=\"high\" decoding=\"async\" width=\"372\" height=\"359\" src=\"https:\/\/www.tugraledpano.com\/wp-content\/uploads\/2021\/09\/cek_tip_kom_pano_harm_filtre_1.jpg\" class=\"attachment-large size-large wp-image-1895\" alt=\"\" srcset=\"https:\/\/www.tugraledpano.com\/wp-content\/uploads\/2021\/09\/cek_tip_kom_pano_harm_filtre_1.jpg 372w, https:\/\/www.tugraledpano.com\/wp-content\/uploads\/2021\/09\/cek_tip_kom_pano_harm_filtre_1-300x290.jpg 300w\" sizes=\"(max-width: 372px) 100vw, 372px\" \/>\t\t\t\t\t\t\t\t\t\t\t\t\t\t\t<\/div>\n\t\t\t\t<\/div>\n\t\t\t\t\t<\/div>\n\t\t<\/div>\n\t\t\t\t\t<\/div>\n\t\t<\/section>\n\t\t\t\t<section class=\"elementor-section elementor-top-section elementor-element elementor-element-c0f096c elementor-section-boxed elementor-section-height-default elementor-section-height-default\" data-id=\"c0f096c\" data-element_type=\"section\" data-e-type=\"section\">\n\t\t\t\t\t\t<div class=\"elementor-container elementor-column-gap-default\">\n\t\t\t\t\t<div class=\"elementor-column elementor-col-100 elementor-top-column elementor-element elementor-element-d3d0b11\" data-id=\"d3d0b11\" data-element_type=\"column\" data-e-type=\"column\">\n\t\t\t<div class=\"elementor-widget-wrap elementor-element-populated\">\n\t\t\t\t\t\t<div class=\"elementor-element elementor-element-b215003 elementor-widget elementor-widget-image\" data-id=\"b215003\" data-element_type=\"widget\" data-e-type=\"widget\" data-widget_type=\"image.default\">\n\t\t\t\t<div class=\"elementor-widget-container\">\n\t\t\t\t\t\t\t\t\t\t\t\t\t\t\t<img decoding=\"async\" width=\"225\" height=\"358\" src=\"https:\/\/www.tugraledpano.com\/wp-content\/uploads\/2021\/09\/cek_tip_kom_pano_harm_filtre_2.jpg\" class=\"attachment-full size-full wp-image-1896\" alt=\"\" srcset=\"https:\/\/www.tugraledpano.com\/wp-content\/uploads\/2021\/09\/cek_tip_kom_pano_harm_filtre_2.jpg 225w, https:\/\/www.tugraledpano.com\/wp-content\/uploads\/2021\/09\/cek_tip_kom_pano_harm_filtre_2-189x300.jpg 189w\" sizes=\"(max-width: 225px) 100vw, 225px\" \/>\t\t\t\t\t\t\t\t\t\t\t\t\t\t\t<\/div>\n\t\t\t\t<\/div>\n\t\t\t\t\t<\/div>\n\t\t<\/div>\n\t\t\t\t\t<\/div>\n\t\t<\/section>\n\t\t\t\t<\/div>\n\t\t","protected":false},"excerpt":{"rendered":"<p>\u00c7EKMECEL\u0130 T\u0130P KOMPANZASYON PANOLARI HARMON\u0130K F\u0130LTREL\u0130 Bilindi\u011fi gibi tesisler harmonik olu\u015fturan y\u00fckler i\u00e7eriyorsa filtreli kompanzasyon sistemine ihtiya\u00e7 duyarlar bunun i\u00e7in \u00fcretti\u011fimiz harmonik filtreli kompanzasyon panolar\u0131 g\u00fc\u00e7 katsay\u0131s\u0131n\u0131 y\u00fckseltirken tesiste olu\u015fan &#8230;<\/p>\n","protected":false},"author":3,"featured_media":0,"parent":0,"menu_order":0,"comment_status":"closed","ping_status":"closed","template":"","meta":{"om_disable_all_campaigns":false,"_monsterinsights_skip_tracking":false,"_monsterinsights_sitenote_active":false,"_monsterinsights_sitenote_note":"","_monsterinsights_sitenote_category":0,"_uf_show_specific_survey":0,"_uf_disable_surveys":false,"footnotes":""},"class_list":["post-1867","page","type-page","status-publish","hentry"],"aioseo_notices":[],"_links":{"self":[{"href":"https:\/\/www.tugraledpano.com\/index.php\/wp-json\/wp\/v2\/pages\/1867","targetHints":{"allow":["GET"]}}],"collection":[{"href":"https:\/\/www.tugraledpano.com\/index.php\/wp-json\/wp\/v2\/pages"}],"about":[{"href":"https:\/\/www.tugraledpano.com\/index.php\/wp-json\/wp\/v2\/types\/page"}],"author":[{"embeddable":true,"href":"https:\/\/www.tugraledpano.com\/index.php\/wp-json\/wp\/v2\/users\/3"}],"replies":[{"embeddable":true,"href":"https:\/\/www.tugraledpano.com\/index.php\/wp-json\/wp\/v2\/comments?post=1867"}],"version-history":[{"count":0,"href":"https:\/\/www.tugraledpano.com\/index.php\/wp-json\/wp\/v2\/pages\/1867\/revisions"}],"wp:attachment":[{"href":"https:\/\/www.tugraledpano.com\/index.php\/wp-json\/wp\/v2\/media?parent=1867"}],"curies":[{"name":"wp","href":"https:\/\/api.w.org\/{rel}","templated":true}]}}