{"id":1858,"date":"2021-09-02T15:38:02","date_gmt":"2021-09-02T15:38:02","guid":{"rendered":"http:\/\/www.penepepanoelektrik.com\/?page_id=1858"},"modified":"2021-09-02T15:38:02","modified_gmt":"2021-09-02T15:38:02","slug":"dikili-tip-taban-sacli-panolar","status":"publish","type":"page","link":"https:\/\/www.tugraledpano.com\/index.php\/dikili-tip-taban-sacli-panolar\/","title":{"rendered":"Dikili Tip Taban Sa\u00e7l\u0131 Panolar"},"content":{"rendered":"\t\t<div data-elementor-type=\"wp-page\" data-elementor-id=\"1858\" class=\"elementor elementor-1858\">\n\t\t\t\t\t\t<section class=\"elementor-section elementor-top-section elementor-element elementor-element-92d1e27 elementor-section-boxed elementor-section-height-default elementor-section-height-default\" data-id=\"92d1e27\" data-element_type=\"section\" data-e-type=\"section\">\n\t\t\t\t\t\t<div class=\"elementor-container elementor-column-gap-default\">\n\t\t\t\t\t<div class=\"elementor-column elementor-col-50 elementor-top-column elementor-element elementor-element-cea1e70\" data-id=\"cea1e70\" data-element_type=\"column\" data-e-type=\"column\">\n\t\t\t<div class=\"elementor-widget-wrap elementor-element-populated\">\n\t\t\t\t\t\t<div class=\"elementor-element elementor-element-2f477a4 elementor-widget elementor-widget-text-editor\" data-id=\"2f477a4\" data-element_type=\"widget\" data-e-type=\"widget\" data-widget_type=\"text-editor.default\">\n\t\t\t\t<div class=\"elementor-widget-container\">\n\t\t\t\t\t\t\t\t\t<p><strong>D\u0130K\u0130L\u0130 T\u0130P TABAN SA\u00c7LI PANOLAR<\/strong><\/p><p>Dikili tip taban sa\u00e7l\u0131 panolar daha \u00e7ok end\u00fcstriyel tesislerde motor kontrol panolar\u0131 olarak kullan\u0131lmaktad\u0131r. Hareketli taban sa\u00e7\u0131nda sa\u011flanan maksimum kullan\u0131m alan\u0131 sayesinde pano i\u00e7 b\u00f6l\u00fcm\u00fcnden m\u00fcmk\u00fcn oldu\u011funca fazla yararlan\u0131lmaktad\u0131r.<\/p>\t\t\t\t\t\t\t\t<\/div>\n\t\t\t\t<\/div>\n\t\t\t\t\t<\/div>\n\t\t<\/div>\n\t\t\t\t<div class=\"elementor-column elementor-col-50 elementor-top-column elementor-element elementor-element-7e7157d\" data-id=\"7e7157d\" data-element_type=\"column\" data-e-type=\"column\">\n\t\t\t<div class=\"elementor-widget-wrap elementor-element-populated\">\n\t\t\t\t\t\t<div class=\"elementor-element elementor-element-c5d85d6 elementor-widget elementor-widget-image\" data-id=\"c5d85d6\" data-element_type=\"widget\" data-e-type=\"widget\" data-widget_type=\"image.default\">\n\t\t\t\t<div class=\"elementor-widget-container\">\n\t\t\t\t\t\t\t\t\t\t\t\t\t\t\t<img decoding=\"async\" width=\"274\" height=\"164\" src=\"https:\/\/www.tugraledpano.com\/wp-content\/uploads\/2021\/09\/dik_tip_tab_sac_pano_4.jpg\" class=\"attachment-large size-large wp-image-1872\" alt=\"\" \/>\t\t\t\t\t\t\t\t\t\t\t\t\t\t\t<\/div>\n\t\t\t\t<\/div>\n\t\t\t\t\t<\/div>\n\t\t<\/div>\n\t\t\t\t\t<\/div>\n\t\t<\/section>\n\t\t\t\t<section class=\"elementor-section elementor-top-section elementor-element elementor-element-8a924b0 elementor-section-boxed elementor-section-height-default elementor-section-height-default\" data-id=\"8a924b0\" data-element_type=\"section\" data-e-type=\"section\">\n\t\t\t\t\t\t<div class=\"elementor-container elementor-column-gap-default\">\n\t\t\t\t\t<div class=\"elementor-column elementor-col-50 elementor-top-column elementor-element elementor-element-ba2a3ae\" data-id=\"ba2a3ae\" data-element_type=\"column\" data-e-type=\"column\">\n\t\t\t<div class=\"elementor-widget-wrap elementor-element-populated\">\n\t\t\t\t\t\t<div class=\"elementor-element elementor-element-69bf0d5 elementor-widget elementor-widget-image\" data-id=\"69bf0d5\" data-element_type=\"widget\" data-e-type=\"widget\" data-widget_type=\"image.default\">\n\t\t\t\t<div class=\"elementor-widget-container\">\n\t\t\t\t\t\t\t\t\t\t\t\t\t\t\t<img fetchpriority=\"high\" decoding=\"async\" width=\"227\" height=\"404\" src=\"https:\/\/www.tugraledpano.com\/wp-content\/uploads\/2021\/09\/dik_tip_tab_sac_pano_1.jpg\" class=\"attachment-large size-large wp-image-1873\" alt=\"\" srcset=\"https:\/\/www.tugraledpano.com\/wp-content\/uploads\/2021\/09\/dik_tip_tab_sac_pano_1.jpg 227w, https:\/\/www.tugraledpano.com\/wp-content\/uploads\/2021\/09\/dik_tip_tab_sac_pano_1-169x300.jpg 169w\" sizes=\"(max-width: 227px) 100vw, 227px\" \/>\t\t\t\t\t\t\t\t\t\t\t\t\t\t\t<\/div>\n\t\t\t\t<\/div>\n\t\t\t\t\t<\/div>\n\t\t<\/div>\n\t\t\t\t<div class=\"elementor-column elementor-col-50 elementor-top-column elementor-element elementor-element-97e3527\" data-id=\"97e3527\" data-element_type=\"column\" data-e-type=\"column\">\n\t\t\t<div class=\"elementor-widget-wrap elementor-element-populated\">\n\t\t\t\t\t\t<div class=\"elementor-element elementor-element-08d5865 elementor-widget elementor-widget-image\" data-id=\"08d5865\" data-element_type=\"widget\" data-e-type=\"widget\" data-widget_type=\"image.default\">\n\t\t\t\t<div class=\"elementor-widget-container\">\n\t\t\t\t\t\t\t\t\t\t\t\t\t\t\t<img decoding=\"async\" width=\"235\" height=\"404\" src=\"https:\/\/www.tugraledpano.com\/wp-content\/uploads\/2021\/09\/dik_tip_tab_sac_pano_2.jpg\" class=\"attachment-large size-large wp-image-1874\" alt=\"\" srcset=\"https:\/\/www.tugraledpano.com\/wp-content\/uploads\/2021\/09\/dik_tip_tab_sac_pano_2.jpg 235w, https:\/\/www.tugraledpano.com\/wp-content\/uploads\/2021\/09\/dik_tip_tab_sac_pano_2-175x300.jpg 175w\" sizes=\"(max-width: 235px) 100vw, 235px\" \/>\t\t\t\t\t\t\t\t\t\t\t\t\t\t\t<\/div>\n\t\t\t\t<\/div>\n\t\t\t\t\t<\/div>\n\t\t<\/div>\n\t\t\t\t\t<\/div>\n\t\t<\/section>\n\t\t\t\t<section class=\"elementor-section elementor-top-section elementor-element elementor-element-13c0a23 elementor-section-boxed elementor-section-height-default elementor-section-height-default\" data-id=\"13c0a23\" data-element_type=\"section\" data-e-type=\"section\">\n\t\t\t\t\t\t<div class=\"elementor-container elementor-column-gap-default\">\n\t\t\t\t\t<div class=\"elementor-column elementor-col-100 elementor-top-column elementor-element elementor-element-3bbf6f2\" data-id=\"3bbf6f2\" data-element_type=\"column\" data-e-type=\"column\">\n\t\t\t<div class=\"elementor-widget-wrap elementor-element-populated\">\n\t\t\t\t\t\t<div class=\"elementor-element elementor-element-86a5375 elementor-widget elementor-widget-image\" data-id=\"86a5375\" data-element_type=\"widget\" data-e-type=\"widget\" data-widget_type=\"image.default\">\n\t\t\t\t<div class=\"elementor-widget-container\">\n\t\t\t\t\t\t\t\t\t\t\t\t\t\t\t<img loading=\"lazy\" decoding=\"async\" width=\"303\" height=\"393\" src=\"https:\/\/www.tugraledpano.com\/wp-content\/uploads\/2021\/09\/dik_tip_tab_sac_pano_3.jpg\" class=\"attachment-large size-large wp-image-1875\" alt=\"\" srcset=\"https:\/\/www.tugraledpano.com\/wp-content\/uploads\/2021\/09\/dik_tip_tab_sac_pano_3.jpg 303w, https:\/\/www.tugraledpano.com\/wp-content\/uploads\/2021\/09\/dik_tip_tab_sac_pano_3-231x300.jpg 231w\" sizes=\"(max-width: 303px) 100vw, 303px\" \/>\t\t\t\t\t\t\t\t\t\t\t\t\t\t\t<\/div>\n\t\t\t\t<\/div>\n\t\t\t\t\t<\/div>\n\t\t<\/div>\n\t\t\t\t\t<\/div>\n\t\t<\/section>\n\t\t\t\t<\/div>\n\t\t","protected":false},"excerpt":{"rendered":"<p>D\u0130K\u0130L\u0130 T\u0130P TABAN SA\u00c7LI PANOLAR Dikili tip taban sa\u00e7l\u0131 panolar daha \u00e7ok end\u00fcstriyel tesislerde motor kontrol panolar\u0131 olarak kullan\u0131lmaktad\u0131r. Hareketli taban sa\u00e7\u0131nda sa\u011flanan maksimum kullan\u0131m alan\u0131 sayesinde pano i\u00e7 b\u00f6l\u00fcm\u00fcnden &#8230;<\/p>\n","protected":false},"author":3,"featured_media":0,"parent":0,"menu_order":0,"comment_status":"closed","ping_status":"closed","template":"","meta":{"om_disable_all_campaigns":false,"_monsterinsights_skip_tracking":false,"_monsterinsights_sitenote_active":false,"_monsterinsights_sitenote_note":"","_monsterinsights_sitenote_category":0,"_uf_show_specific_survey":0,"_uf_disable_surveys":false,"footnotes":""},"class_list":["post-1858","page","type-page","status-publish","hentry"],"aioseo_notices":[],"_links":{"self":[{"href":"https:\/\/www.tugraledpano.com\/index.php\/wp-json\/wp\/v2\/pages\/1858","targetHints":{"allow":["GET"]}}],"collection":[{"href":"https:\/\/www.tugraledpano.com\/index.php\/wp-json\/wp\/v2\/pages"}],"about":[{"href":"https:\/\/www.tugraledpano.com\/index.php\/wp-json\/wp\/v2\/types\/page"}],"author":[{"embeddable":true,"href":"https:\/\/www.tugraledpano.com\/index.php\/wp-json\/wp\/v2\/users\/3"}],"replies":[{"embeddable":true,"href":"https:\/\/www.tugraledpano.com\/index.php\/wp-json\/wp\/v2\/comments?post=1858"}],"version-history":[{"count":0,"href":"https:\/\/www.tugraledpano.com\/index.php\/wp-json\/wp\/v2\/pages\/1858\/revisions"}],"wp:attachment":[{"href":"https:\/\/www.tugraledpano.com\/index.php\/wp-json\/wp\/v2\/media?parent=1858"}],"curies":[{"name":"wp","href":"https:\/\/api.w.org\/{rel}","templated":true}]}}