{"id":1827,"date":"2021-09-02T15:22:49","date_gmt":"2021-09-02T15:22:49","guid":{"rendered":"http:\/\/www.penepepanoelektrik.com\/?page_id=1827"},"modified":"2021-09-02T15:22:49","modified_gmt":"2021-09-02T15:22:49","slug":"duvar-tipi-perde-sacli-panolar","status":"publish","type":"page","link":"https:\/\/www.tugraledpano.com\/index.php\/duvar-tipi-perde-sacli-panolar\/","title":{"rendered":"Duvar Tipi Perde Sa\u00e7l\u0131 Panolar"},"content":{"rendered":"\t\t<div data-elementor-type=\"wp-page\" data-elementor-id=\"1827\" class=\"elementor elementor-1827\">\n\t\t\t\t\t\t<section class=\"elementor-section elementor-top-section elementor-element elementor-element-9fc1e14 elementor-section-boxed elementor-section-height-default elementor-section-height-default\" data-id=\"9fc1e14\" data-element_type=\"section\" data-e-type=\"section\">\n\t\t\t\t\t\t<div class=\"elementor-container elementor-column-gap-default\">\n\t\t\t\t\t<div class=\"elementor-column elementor-col-50 elementor-top-column elementor-element elementor-element-3a5b546\" data-id=\"3a5b546\" data-element_type=\"column\" data-e-type=\"column\">\n\t\t\t<div class=\"elementor-widget-wrap elementor-element-populated\">\n\t\t\t\t\t\t<div class=\"elementor-element elementor-element-e5afc34 elementor-widget elementor-widget-text-editor\" data-id=\"e5afc34\" data-element_type=\"widget\" data-e-type=\"widget\" data-widget_type=\"text-editor.default\">\n\t\t\t\t<div class=\"elementor-widget-container\">\n\t\t\t\t\t\t\t\t\t<p><strong>DUVAR T\u0130P\u0130 PERDE SA\u00c7LI PANOLAR<\/strong><\/p><p>Duvar tipi perde sa\u00e7l\u0131 panolarda bulunan ve kullan\u0131lan elektrikli cihazlar\u0131n \u00fcst\u00fcn\u00fc \u00f6rten sa\u00e7 sayesinde i\u015fletme g\u00fcvenli\u011fini sa\u011flar cihazlar\u0131n etiketlemesi de bu sa\u00e7\u0131n \u00fczerinde yap\u0131ld\u0131\u011f\u0131 i\u00e7in daha estetik bir g\u00f6r\u00fcnt\u00fc olu\u015fturur.<\/p>\t\t\t\t\t\t\t\t<\/div>\n\t\t\t\t<\/div>\n\t\t\t\t\t<\/div>\n\t\t<\/div>\n\t\t\t\t<div class=\"elementor-column elementor-col-50 elementor-top-column elementor-element elementor-element-65d14ca\" data-id=\"65d14ca\" data-element_type=\"column\" data-e-type=\"column\">\n\t\t\t<div class=\"elementor-widget-wrap elementor-element-populated\">\n\t\t\t\t\t\t<div class=\"elementor-element elementor-element-1253d41 elementor-widget elementor-widget-image\" data-id=\"1253d41\" data-element_type=\"widget\" data-e-type=\"widget\" data-widget_type=\"image.default\">\n\t\t\t\t<div class=\"elementor-widget-container\">\n\t\t\t\t\t\t\t\t\t\t\t\t\t\t\t<img fetchpriority=\"high\" decoding=\"async\" width=\"376\" height=\"261\" src=\"https:\/\/www.tugraledpano.com\/wp-content\/uploads\/2021\/09\/duv_tip_perde_sac_pano_4.jpg\" class=\"attachment-large size-large wp-image-1848\" alt=\"\" srcset=\"https:\/\/www.tugraledpano.com\/wp-content\/uploads\/2021\/09\/duv_tip_perde_sac_pano_4.jpg 376w, https:\/\/www.tugraledpano.com\/wp-content\/uploads\/2021\/09\/duv_tip_perde_sac_pano_4-300x208.jpg 300w\" sizes=\"(max-width: 376px) 100vw, 376px\" \/>\t\t\t\t\t\t\t\t\t\t\t\t\t\t\t<\/div>\n\t\t\t\t<\/div>\n\t\t\t\t\t<\/div>\n\t\t<\/div>\n\t\t\t\t\t<\/div>\n\t\t<\/section>\n\t\t\t\t<section class=\"elementor-section elementor-top-section elementor-element elementor-element-522b4f1 elementor-section-boxed elementor-section-height-default elementor-section-height-default\" data-id=\"522b4f1\" data-element_type=\"section\" data-e-type=\"section\">\n\t\t\t\t\t\t<div class=\"elementor-container elementor-column-gap-default\">\n\t\t\t\t\t<div class=\"elementor-column elementor-col-50 elementor-top-column elementor-element elementor-element-c5d6cbd\" data-id=\"c5d6cbd\" data-element_type=\"column\" data-e-type=\"column\">\n\t\t\t<div class=\"elementor-widget-wrap elementor-element-populated\">\n\t\t\t\t\t\t<div class=\"elementor-element elementor-element-ea68326 elementor-widget elementor-widget-image\" data-id=\"ea68326\" data-element_type=\"widget\" data-e-type=\"widget\" data-widget_type=\"image.default\">\n\t\t\t\t<div class=\"elementor-widget-container\">\n\t\t\t\t\t\t\t\t\t\t\t\t\t\t\t<img decoding=\"async\" width=\"249\" height=\"371\" src=\"https:\/\/www.tugraledpano.com\/wp-content\/uploads\/2021\/09\/duv_tip_perde_sac_pano_1.jpg\" class=\"attachment-large size-large wp-image-1849\" alt=\"\" srcset=\"https:\/\/www.tugraledpano.com\/wp-content\/uploads\/2021\/09\/duv_tip_perde_sac_pano_1.jpg 249w, https:\/\/www.tugraledpano.com\/wp-content\/uploads\/2021\/09\/duv_tip_perde_sac_pano_1-201x300.jpg 201w\" sizes=\"(max-width: 249px) 100vw, 249px\" \/>\t\t\t\t\t\t\t\t\t\t\t\t\t\t\t<\/div>\n\t\t\t\t<\/div>\n\t\t\t\t\t<\/div>\n\t\t<\/div>\n\t\t\t\t<div class=\"elementor-column elementor-col-50 elementor-top-column elementor-element elementor-element-dba2de6\" data-id=\"dba2de6\" data-element_type=\"column\" data-e-type=\"column\">\n\t\t\t<div class=\"elementor-widget-wrap elementor-element-populated\">\n\t\t\t\t\t\t<div class=\"elementor-element elementor-element-369b794 elementor-widget elementor-widget-image\" data-id=\"369b794\" data-element_type=\"widget\" data-e-type=\"widget\" data-widget_type=\"image.default\">\n\t\t\t\t<div class=\"elementor-widget-container\">\n\t\t\t\t\t\t\t\t\t\t\t\t\t\t\t<img decoding=\"async\" width=\"340\" height=\"372\" src=\"https:\/\/www.tugraledpano.com\/wp-content\/uploads\/2021\/09\/duv_tip_perde_sac_pano_2.jpg\" class=\"attachment-large size-large wp-image-1850\" alt=\"\" srcset=\"https:\/\/www.tugraledpano.com\/wp-content\/uploads\/2021\/09\/duv_tip_perde_sac_pano_2.jpg 340w, https:\/\/www.tugraledpano.com\/wp-content\/uploads\/2021\/09\/duv_tip_perde_sac_pano_2-274x300.jpg 274w\" sizes=\"(max-width: 340px) 100vw, 340px\" \/>\t\t\t\t\t\t\t\t\t\t\t\t\t\t\t<\/div>\n\t\t\t\t<\/div>\n\t\t\t\t\t<\/div>\n\t\t<\/div>\n\t\t\t\t\t<\/div>\n\t\t<\/section>\n\t\t\t\t<section class=\"elementor-section elementor-top-section elementor-element elementor-element-27c222e elementor-section-boxed elementor-section-height-default elementor-section-height-default\" data-id=\"27c222e\" data-element_type=\"section\" data-e-type=\"section\">\n\t\t\t\t\t\t<div class=\"elementor-container elementor-column-gap-default\">\n\t\t\t\t\t<div class=\"elementor-column elementor-col-100 elementor-top-column elementor-element elementor-element-1ae0c37\" data-id=\"1ae0c37\" data-element_type=\"column\" data-e-type=\"column\">\n\t\t\t<div class=\"elementor-widget-wrap elementor-element-populated\">\n\t\t\t\t\t\t<div class=\"elementor-element elementor-element-ebdf86a elementor-widget elementor-widget-image\" data-id=\"ebdf86a\" data-element_type=\"widget\" data-e-type=\"widget\" data-widget_type=\"image.default\">\n\t\t\t\t<div class=\"elementor-widget-container\">\n\t\t\t\t\t\t\t\t\t\t\t\t\t\t\t<img loading=\"lazy\" decoding=\"async\" width=\"214\" height=\"396\" src=\"https:\/\/www.tugraledpano.com\/wp-content\/uploads\/2021\/09\/duv_tip_perde_sac_pano_3.jpg\" class=\"attachment-large size-large wp-image-1851\" alt=\"\" srcset=\"https:\/\/www.tugraledpano.com\/wp-content\/uploads\/2021\/09\/duv_tip_perde_sac_pano_3.jpg 214w, https:\/\/www.tugraledpano.com\/wp-content\/uploads\/2021\/09\/duv_tip_perde_sac_pano_3-162x300.jpg 162w\" sizes=\"(max-width: 214px) 100vw, 214px\" \/>\t\t\t\t\t\t\t\t\t\t\t\t\t\t\t<\/div>\n\t\t\t\t<\/div>\n\t\t\t\t\t<\/div>\n\t\t<\/div>\n\t\t\t\t\t<\/div>\n\t\t<\/section>\n\t\t\t\t<\/div>\n\t\t","protected":false},"excerpt":{"rendered":"<p>DUVAR T\u0130P\u0130 PERDE SA\u00c7LI PANOLAR Duvar tipi perde sa\u00e7l\u0131 panolarda bulunan ve kullan\u0131lan elektrikli cihazlar\u0131n \u00fcst\u00fcn\u00fc \u00f6rten sa\u00e7 sayesinde i\u015fletme g\u00fcvenli\u011fini sa\u011flar cihazlar\u0131n etiketlemesi de bu sa\u00e7\u0131n \u00fczerinde yap\u0131ld\u0131\u011f\u0131 i\u00e7in &#8230;<\/p>\n","protected":false},"author":3,"featured_media":0,"parent":0,"menu_order":0,"comment_status":"closed","ping_status":"closed","template":"","meta":{"om_disable_all_campaigns":false,"_monsterinsights_skip_tracking":false,"_monsterinsights_sitenote_active":false,"_monsterinsights_sitenote_note":"","_monsterinsights_sitenote_category":0,"_uf_show_specific_survey":0,"_uf_disable_surveys":false,"footnotes":""},"class_list":["post-1827","page","type-page","status-publish","hentry"],"aioseo_notices":[],"_links":{"self":[{"href":"https:\/\/www.tugraledpano.com\/index.php\/wp-json\/wp\/v2\/pages\/1827","targetHints":{"allow":["GET"]}}],"collection":[{"href":"https:\/\/www.tugraledpano.com\/index.php\/wp-json\/wp\/v2\/pages"}],"about":[{"href":"https:\/\/www.tugraledpano.com\/index.php\/wp-json\/wp\/v2\/types\/page"}],"author":[{"embeddable":true,"href":"https:\/\/www.tugraledpano.com\/index.php\/wp-json\/wp\/v2\/users\/3"}],"replies":[{"embeddable":true,"href":"https:\/\/www.tugraledpano.com\/index.php\/wp-json\/wp\/v2\/comments?post=1827"}],"version-history":[{"count":0,"href":"https:\/\/www.tugraledpano.com\/index.php\/wp-json\/wp\/v2\/pages\/1827\/revisions"}],"wp:attachment":[{"href":"https:\/\/www.tugraledpano.com\/index.php\/wp-json\/wp\/v2\/media?parent=1827"}],"curies":[{"name":"wp","href":"https:\/\/api.w.org\/{rel}","templated":true}]}}