{"id":1621,"date":"2021-08-19T16:39:26","date_gmt":"2021-08-19T16:39:26","guid":{"rendered":"http:\/\/www.penepepanoelektrik.com\/?page_id=1621"},"modified":"2021-08-19T16:39:26","modified_gmt":"2021-08-19T16:39:26","slug":"duvar-tipi-panolar","status":"publish","type":"page","link":"https:\/\/www.tugraledpano.com\/index.php\/duvar-tipi-panolar\/","title":{"rendered":"Duvar Tipi Panolar"},"content":{"rendered":"<p><strong>DUVAR T\u0130P\u0130 PERDE SA\u00c7LI PANOLAR<\/strong><\/p>\n<p>Duvar tipi perde sa\u00e7l\u0131 panolarda bulunan ve kullan\u0131lan elektrikli cihazlar\u0131n \u00fcst\u00fcn\u00fc \u00f6rten sa\u00e7 sayesinde i\u015fletme g\u00fcvenli\u011fini sa\u011flar cihazlar\u0131n etiketlemesi de bu sa\u00e7\u0131n \u00fczerinde yap\u0131ld\u0131\u011f\u0131 i\u00e7in daha estetik bir g\u00f6r\u00fcnt\u00fc olu\u015fturur.<\/p>\n<p><strong>DUVAR T\u0130P\u0130 SIVA ALTI PANOLAR<\/strong><\/p>\n<p>S\u0131va alt\u0131 panolar duvara g\u00f6m\u00fclmesi sebebiyle yer tasarrufu ve estetik g\u00f6r\u00fcn\u00fcm sa\u011flamaktad\u0131r. \u0130stendi\u011fi takdirde \u00e7er\u00e7eve ve g\u00f6vde k\u0131sm\u0131 ayr\u0131 ayr\u0131 yap\u0131lmaktad\u0131r. Bu sayede s\u0131va \u00f6ncesi \u00e7er\u00e7eve yerine tak\u0131lmakta cihazlar\u0131n oldu\u011fu g\u00f6vde daha sonra \u00e7er\u00e7eveye monte edilmektedir. B\u00f6ylece cihazlar s\u0131vadan dolay\u0131 olu\u015facak kirlilikten korunmaktad\u0131r.<\/p>\n<p><strong>DUVAR T\u0130P\u0130 TABAN SA\u00c7LI PANOLAR<\/strong><\/p>\n<p>Bu tip panolar daha \u00e7ok k\u00fc\u00e7\u00fck tip motor kontrollerinde kullan\u0131l\u0131rlar. Yan ve dik olarak tak\u0131lan montaj kulaklar\u0131 sayesinde duvara kolay montaj\u0131 sa\u011flanabilir. S\u00f6k\u00fclebilen montaj plakas\u0131 ile pano g\u00f6vdesinden ba\u011f\u0131ms\u0131z montaj yap\u0131labilir.<\/p>\n","protected":false},"excerpt":{"rendered":"<p>DUVAR T\u0130P\u0130 PERDE SA\u00c7LI PANOLAR Duvar tipi perde sa\u00e7l\u0131 panolarda bulunan ve kullan\u0131lan elektrikli cihazlar\u0131n \u00fcst\u00fcn\u00fc \u00f6rten sa\u00e7 sayesinde i\u015fletme g\u00fcvenli\u011fini sa\u011flar cihazlar\u0131n etiketlemesi de bu sa\u00e7\u0131n \u00fczerinde yap\u0131ld\u0131\u011f\u0131 i\u00e7in &#8230;<\/p>\n","protected":false},"author":3,"featured_media":0,"parent":0,"menu_order":0,"comment_status":"closed","ping_status":"closed","template":"","meta":{"om_disable_all_campaigns":false,"_monsterinsights_skip_tracking":false,"_monsterinsights_sitenote_active":false,"_monsterinsights_sitenote_note":"","_monsterinsights_sitenote_category":0,"_uf_show_specific_survey":0,"_uf_disable_surveys":false,"footnotes":""},"class_list":["post-1621","page","type-page","status-publish","hentry"],"aioseo_notices":[],"_links":{"self":[{"href":"https:\/\/www.tugraledpano.com\/index.php\/wp-json\/wp\/v2\/pages\/1621","targetHints":{"allow":["GET"]}}],"collection":[{"href":"https:\/\/www.tugraledpano.com\/index.php\/wp-json\/wp\/v2\/pages"}],"about":[{"href":"https:\/\/www.tugraledpano.com\/index.php\/wp-json\/wp\/v2\/types\/page"}],"author":[{"embeddable":true,"href":"https:\/\/www.tugraledpano.com\/index.php\/wp-json\/wp\/v2\/users\/3"}],"replies":[{"embeddable":true,"href":"https:\/\/www.tugraledpano.com\/index.php\/wp-json\/wp\/v2\/comments?post=1621"}],"version-history":[{"count":0,"href":"https:\/\/www.tugraledpano.com\/index.php\/wp-json\/wp\/v2\/pages\/1621\/revisions"}],"wp:attachment":[{"href":"https:\/\/www.tugraledpano.com\/index.php\/wp-json\/wp\/v2\/media?parent=1621"}],"curies":[{"name":"wp","href":"https:\/\/api.w.org\/{rel}","templated":true}]}}